{"id":3816,"date":"2021-03-08T15:48:36","date_gmt":"2021-03-08T14:48:36","guid":{"rendered":"https:\/\/www.dilass.it\/studentforaday\/?page_id=3816"},"modified":"2026-05-06T10:31:23","modified_gmt":"2026-05-06T08:31:23","slug":"eventi","status":"publish","type":"page","link":"https:\/\/www.dilass.it\/studentforaday\/eventi\/","title":{"rendered":"Eventi"},"content":{"rendered":"<div class=\"wpb-content-wrapper\"><p>[vc_row][vc_column][vc_separator][\/vc_column][\/vc_row][vc_row][vc_column width=&#8221;1\/3&#8243;][vc_column_text css=&#8221;&#8221; css_params=&#8221;&#8221;]Il Cenacolo michettiano di Francavilla e il connubio delle arti &#8211; 8 maggio 2026\u00a0 &#8211; MuMi, Francavilla al Mare[\/vc_column_text][vc_single_image image=&#8221;4469&#8243; onclick=&#8221;img_link_large&#8221; css=&#8221;&#8221; label=&#8221;&#8221; css_params=&#8221;&#8221;][\/vc_column][vc_column width=&#8221;1\/3&#8243;][vc_column_text css=&#8221;&#8221; css_params=&#8221;&#8221;]OPEN DAY 2026[\/vc_column_text][vc_single_image image=&#8221;4465&#8243; onclick=&#8221;img_link_large&#8221; css=&#8221;&#8221; css_params=&#8221;&#8221;][\/vc_column][vc_column width=&#8221;1\/3&#8243;][\/vc_column][\/vc_row][vc_row][vc_column width=&#8221;1\/3&#8243;][vc_column_text css=&#8221;&#8221; css_params=&#8221;&#8221;]CONOSCITORI AL SERVIZIO DELLA TUTELA I CATALOGHI DI GIOVANNI MORELL IE GUSTAVO FRIZZONI PER IL PATRIMONIO ARTISTICO DELL&#8217;ITALIA UNITA, a cura di Alessandro Rovetta,&nbsp; Laura Binda e Stefano Bruzzese<\/p>\n<p><a href=\"https:\/\/www.dilass.it\/studentforaday\/wp-content\/uploads\/2026\/04\/locandina.pdf\">Locandina<\/a>[\/vc_column_text][\/vc_column][vc_column width=&#8221;1\/3&#8243;][vc_column_text css=&#8221;&#8221; css_params=&#8221;&#8221;]L\u2019ARCIPELAGO DEI LETTORI<br \/>\nLa lettura nell\u2019ecosistema formativo: universit\u00e0, scuola, territorio<br \/>\n9 aprile 2026&nbsp; Auditorium del Rettorato&nbsp; ore 9:00<\/p>\n<p><a href=\"https:\/\/www.dilass.it\/studentforaday\/wp-content\/uploads\/2026\/04\/Locandina-ultima-versione-17_03.pdf\">Locandina<\/a>[\/vc_column_text][\/vc_column][vc_column width=&#8221;1\/3&#8243;][vc_column_text css=&#8221;&#8221; css_params=&#8221;&#8221;]Nelle giornate di marted\u00ec 13 gennaio e mercoled\u00ec 14 gennaio 2026, presso l\u2019Aula 8 del Polo Didattico del Campus di Chieti, dalle ore 10 alle 13 e dalle ore 15 alle 18, la Prof.ssa Fabiana Dimpflmeier terr\u00e0 il Corso di preparazione alla tesi dedicato agli studenti delle Lauree triennali in Lettere e Beni culturali del DiLASS (Tutorato in itinere).<br \/>\nIl corso affronter\u00e0 i seguenti nuclei argomentativi:<br \/>\n\u2022 scegliere disciplina, relatore, argomento<br \/>\n\u2022 time management e aspettative<br \/>\n\u2022 impostazione e struttura della tesi<br \/>\n\u2022 fonti e ricerca bibliografica<br \/>\n\u2022 scrittura e revisioni<br \/>\n\u2022 norme redazionali e bibliografia<br \/>\nLa frequentazione dell\u2019intero corso (12 ore) prevede il riconoscimento di 1 CFU.<br \/>\nIl corso pu\u00f2 essere seguito anche on-line al seguente link: <a href=\"https:\/\/teams.microsoft.com\/meet\/32936205710385?p=mSbmHnZpgE330ENzP9\">Corso preparazione tesi | Partecipazione alla riunione | Microsoft Teams<\/a>[\/vc_column_text][vc_single_image image=&#8221;4451&#8243; onclick=&#8221;img_link_large&#8221; css=&#8221;&#8221; css_params=&#8221;&#8221;][\/vc_column][\/vc_row][vc_row][vc_column width=&#8221;1\/3&#8243;][vc_single_image image=&#8221;4435&#8243; onclick=&#8221;img_link_large&#8221; css=&#8221;&#8221; css_params=&#8221;&#8221;][vc_column_text css=&#8221;&#8221; css_params=&#8221;&#8221;]ChietiPoesia &#8211; 7\u00b0a edizione<\/p>\n<p>Festival di poesia e altri linguaggi[\/vc_column_text][\/vc_column][vc_column width=&#8221;1\/3&#8243;][vc_single_image image=&#8221;4436&#8243; onclick=&#8221;img_link_large&#8221; css=&#8221;&#8221; css_params=&#8221;&#8221;][vc_column_text css=&#8221;&#8221; css_params=&#8221;&#8221;]La fine di un&#8217;esclusione: primi sviluppi di una letteratura femminile, da Matilde Serao a Grazia Deledda<\/p>\n<p>27 novembre 2025 ore 15:00 &#8211; Aula della Donazione Manzini &#8211; Convitto nazionale &#8220;G.B. Vico&#8221; di Chieti[\/vc_column_text][\/vc_column][vc_column width=&#8221;1\/3&#8243;][vc_gallery interval=&#8221;3&#8243; images=&#8221;4442,4440,4441,4443&#8243; css=&#8221;&#8221; css_params=&#8221;&#8221;][vc_column_text css=&#8221;&#8221; css_params=&#8221;&#8221;]Salone dello Studente. Pescara 3-4 dicembre 2025. Orientamento DiLASS. Universit\u00e0 \u201cG. d\u2019Annunzio\u201d. Area Umanistica.<br \/>\nCon gli studenti di Lettere e Beni culturali.[\/vc_column_text][\/vc_column][\/vc_row][vc_row][vc_column width=&#8221;1\/3&#8243;][vc_single_image image=&#8221;4435&#8243; onclick=&#8221;img_link_large&#8221; css=&#8221;&#8221; css_params=&#8221;&#8221;][vc_column_text css=&#8221;&#8221; css_params=&#8221;&#8221;]ChietiPoesia &#8211; 7\u00b0a edizione<\/p>\n<p>Festival di poesia e altri linguaggi[\/vc_column_text][\/vc_column][vc_column width=&#8221;1\/3&#8243;][vc_single_image image=&#8221;4436&#8243; onclick=&#8221;img_link_large&#8221; css=&#8221;&#8221; css_params=&#8221;&#8221;][vc_column_text css=&#8221;&#8221; css_params=&#8221;&#8221;]La fine di un&#8217;esclusione: primi sviluppi di una letteratura femminile, da Matilde Serao a Grazia Deledda<\/p>\n<p>27 novembre 2025 ore 15:00 &#8211; Aula della Donazione Manzini &#8211; Convitto nazionale &#8220;G.B. Vico&#8221; di Chieti[\/vc_column_text][\/vc_column][vc_column width=&#8221;1\/3&#8243;][vc_gallery interval=&#8221;3&#8243; images=&#8221;4442,4440,4441,4443&#8243; css=&#8221;&#8221; css_params=&#8221;&#8221;][vc_column_text css=&#8221;&#8221; css_params=&#8221;&#8221;]Salone dello Studente. Pescara 3-4 dicembre 2025. Orientamento DiLASS. Universit\u00e0 \u201cG. d\u2019Annunzio\u201d. Area Umanistica.<br \/>\nCon gli studenti di Lettere e Beni culturali.[\/vc_column_text][\/vc_column][\/vc_row][vc_row][vc_column width=&#8221;1\/3&#8243;][vc_video link=&#8221;https:\/\/www.youtube.com\/watch?v=Oq70QtX3eto&#8221; css=&#8221;&#8221; css_params=&#8221;&#8221;][vc_column_text css=&#8221;&#8221; css_params=&#8221;&#8221;]Conferimento del titolo di Membro Onorario del Corpo Accademico allo scrittore Javier Cercas[\/vc_column_text][\/vc_column][vc_column width=&#8221;1\/3&#8243;][vc_single_image image=&#8221;4432&#8243; onclick=&#8221;custom_link&#8221; css=&#8221;&#8221; css_params=&#8221;&#8221; link=&#8221;https:\/\/www.dilass.unich.it\/news\/festival-dannunziano-2025-dannunzio-transnazionale-traduzioni-interpretazioni-e-incroci&#8221;][vc_column_text css=&#8221;&#8221; css_params=&#8221;&#8221;]Festival Dannunziano 2025 &#8211; &#8220;D\u2019ANNUNZIO TRANSNAZIONALE: TRADUZIONI, INTERPRETAZIONI E INCROCI LETTERARI DAL MEDITERRANEO ALL\u2019ATLANTICO&#8221; &#8211; venerd\u00ec 5 settembre ore 17:00, Sala D&#8217;Annunzio dell&#8217;Aurum di Pescara[\/vc_column_text][\/vc_column][vc_column width=&#8221;1\/3&#8243;][vc_single_image image=&#8221;4409&#8243; css=&#8221;&#8221; css_params=&#8221;&#8221;][vc_column_text css=&#8221;&#8221; css_params=&#8221;&#8221;]<em>Le novit\u00e0 in vista per il secondo anno di corso di laurea magistrale interclasse archivistica-biblioteconomia e in storia \u201cStudi storici e patrimonio scrittorio dall\u2019antichit\u00e0 all\u2019et\u00e0 contemporanea\u201d (STAR \u2013 LM 5 \/ 84) verranno presentate on-line venerd\u00ec 4 luglio alle ore 10.30.<\/em><\/p>\n<p><em>Filosofia, antropologia, archeologia, archivi, biblioteche, documenti, manoscritti e, ancora, filologia, linguistica, letteratura, paleografia: tutto ha a che fare con la storia!<\/em><\/p>\n<p><em>Il primo anno del corso di laurea magistrale \u201cStudi storici e patrimonio scrittorio dall\u2019antichit\u00e0 all\u2019et\u00e0 contemporanea\u201d (STAR \u2013 LM 5 \/ 84) \u00e8 stato affrontato da docenti e studenti con l\u2019entusiasmo dei pionieri, senza per\u00f2 dimenticare che non ci si debba fare prendere dai facili entusiasmi.<\/em><\/p>\n<p><em>Si \u00e8 cos\u00ec pensato a come migliorarlo e, grazie al proficuo dialogo nel consiglio del corso tra la componente insegnanti e quella studentesca, si \u00e8 deciso di forzare i tempi per una piccola ma significativa miglioria: dal 2025\/26, anche per gli studenti della prima coorte ampliare l\u2019offerta formativa, grazie all\u2019inserimento di tre insegnamenti tenuti dai docenti Marco Forlivesi (storia della filosofia medievale e storia della filosofia rinascimentale) e Luca Gili (storia della filosofia antica). Ci\u00f2 sar\u00e0 particolarmente interessante, da un punto di vista pratico, per gli studenti che intendano avviarsi alla carriera di docenti sulla cattedra A19 (storia e filosofia nei licei) ma, soprattutto, va ad accentuare la vocazione del corso ad un\u2019apertura multidisciplinare. La ricerca storica, se condotta secondo le pi\u00f9 accorte e aggiornate metodologie, dialoga paritariamente con altre discipline; da ci\u00f2 deriva l\u2019ampiezza della proposta didattica che include insegnamenti di ambito archeologico, archivistico, bibliotecario, diplomatistico, filologico, linguistico-letterario, paleografico.<\/em><\/p>\n<p><em>Venerd\u00ec 4 luglio alle ore 10.30 si terr\u00e0 un incontro di orientamento nel corso del quale i docenti del corso, tanto per i nuovi insegnamenti quanto per altri, esporranno le prospettive che il corso apre e saranno a disposizione per rispondere ai vari quesiti che gli studenti potranno proporre.<\/em><\/p>\n<p><em>Il link per accedere all&#8217;incontro online \u00e8 il seguente:<\/em><\/p>\n<p><em><a href=\"https:\/\/colloqui.unich.it\/include\/orientamentoUdA\/prenotaColloquio?CdS=STAR\">https:\/\/colloqui.unich.it\/include\/orientamentoUdA\/prenotaColloquio?CdS=STAR<\/a><\/em>[\/vc_column_text][\/vc_column][\/vc_row][vc_row][vc_column width=&#8221;1\/3&#8243;][vc_single_image image=&#8221;4355&#8243; img_size=&#8221;medium&#8221; onclick=&#8221;link_image&#8221; css=&#8221;&#8221; title=&#8221;Allo scrittore Nicola Lagioia il Diploma d\u2019Onore dell\u2019Universit\u00e0 degli Studi \u201cGabriele d\u2019Annunzio\u201d&#8221;][vc_column_text css=&#8221;&#8221;]Sabato 22 giugno, alle ore 11:00, nella sede del Museo Michetti in Piazza San Domenico a Francavilla al Mare, si terr\u00e0 la cerimonia di conferimento del Diploma d\u2019Onore del Dipartimento di Lettere, Arti e Scienze Sociali e del Dipartimento di Lingue, Letterature e Culture Moderne dell\u2019Universit\u00e0 \u201cGabriele d\u2019Annunzio\u201d di Chieti-Pescara allo scrittore Nicola Lagioia. Nicola Lagioia (Bari 1973) autore di numerosi racconti, saggi e romanzi, tra cui si ricordano Occidente per principianti (2004), Riportando tutto a casa (2009), La ferocia (2014) e La citt\u00e0 dei vivi (2020), tutti pubblicati per Einaudi. Dal 2017 al 2023 \u00e8 stato direttore del Salone Internazionale del Libro di Torino.[\/vc_column_text][\/vc_column][vc_column width=&#8221;1\/3&#8243;][vc_single_image image=&#8221;4354&#8243; img_size=&#8221;350&#215;197&#8243; alignment=&#8221;center&#8221; onclick=&#8221;link_image&#8221; css=&#8221;&#8221; title=&#8221;A Paul Muldoon il titolo di Membro Onorario del Corpo Accademico&#8221;][vc_column_text css=&#8221;&#8221;]Gioved\u00ec 30 maggio, alle ore 10:00, nella sede di Palazzetto dei Veneziani, in Largo del Teatro Vecchio a Chieti, si terra\u0300 la cerimonia di conferimento del titolo di Membro Onorario del Corpo Accademico dell\u2019Universita\u0300 \u201c Gabriele d\u2019Annunzio\u201d di Chieti-Pescara al professor Paul Muldoon.<br \/>\nL\u2019attribuzione dell\u2019onorificenza \u00e8 stata promossa e sostenuta dalla Scuola di Studi Umanistici della \u201cd\u2019Annunzio\u201d, presieduta dal professor Patrizio Domenicucci, e dai due Dipartimenti che la compongono, quello di Lettere, Arti e Scienze Sociali, diretto dal professor Stefano Trinchese, e quello di Lingue, Letterature e Culture Moderne, diretto dal professor Ugo Perolino. La cerimonia \u00e8 organizzata in collaborazione con il Centro di Poesia e altri Linguaggi di Chieti.[\/vc_column_text][\/vc_column][vc_column width=&#8221;1\/3&#8243;][vc_single_image image=&#8221;4353&#8243; onclick=&#8221;link_image&#8221; css=&#8221;&#8221; title=&#8221;Primo Convegno Internazionale del progetto ERC Graff-IT&#8221;][vc_column_text css=&#8221;&#8221;]Graffiti in Italy and beyond (7th-16th c.) &#8211; Dal 9 al 12 aprile 2024[\/vc_column_text][\/vc_column][\/vc_row][vc_row][vc_column width=&#8221;1\/3&#8243;][vc_single_image image=&#8221;4351&#8243; onclick=&#8221;link_image&#8221; css=&#8221;&#8221; title=&#8221;GIORNATA NAZIONALE DELLE UNIVERSIT\u00c0&#8221;][vc_column_text css=&#8221;&#8221;]&#8221;Tra utopia collettiva e sogno individuale: eudaimon\u00eda e \u00f3lbos nell&#8217;antica Grecia&#8221; &#8211; Mercoled\u00ec 20 marzo, Palazzo dei Veneziani, Chieti[\/vc_column_text][\/vc_column][vc_column width=&#8221;1\/3&#8243;][vc_single_image image=&#8221;4316&#8243; img_size=&#8221;medium&#8221; onclick=&#8221;link_image&#8221; css=&#8221;&#8221; title=&#8221;Le Professioni dei Beni Culturali&#8221;][vc_column_text]Nei mesi di marzo, aprile e maggio 2023, i docenti del Corso di studi in Beni culturali organizzano un ricco calendario di incontri e lezioni aperte.[\/vc_column_text][\/vc_column][vc_column width=&#8221;1\/3&#8243;][vc_single_image image=&#8221;4299&#8243; img_size=&#8221;350&#215;197&#8243; alignment=&#8221;center&#8221; onclick=&#8221;link_image&#8221; title=&#8221;#StudentForADay2022&#8243;][vc_column_text]Webinar di Orientamento interdisciplinari. Iniziativa a cura di <em>Marco Canani<\/em> e <em>Marialuigia Di Marzio.<\/em><br \/>\n[\/vc_column_text][\/vc_column][\/vc_row][vc_row][vc_column width=&#8221;1\/3&#8243;][vc_single_image image=&#8221;4295&#8243; img_size=&#8221;350&#215;197&#8243; alignment=&#8221;center&#8221; onclick=&#8221;link_image&#8221; title=&#8221;La lingua scritta della realt\u00e0&#8221;][vc_column_text]<strong>Pasolini e il cinema<\/strong>. Venerdi\u0300 22 aprile ore 15:00. A cura di\u00a0<em>Fabio Andreazza<\/em> docente di Storia del cinema.[\/vc_column_text][\/vc_column][vc_column width=&#8221;1\/3&#8243;][vc_video link=&#8221;https:\/\/www.youtube.com\/watch?app=desktop&amp;v=IwP8CuRgx8Q&amp;list=PLVuFNe2WSdpk0SWgSqbaYLwkJydDyvcQa&amp;index=7&#8243; title=&#8221;Documentary &#8220;Digging History&#8220;&#8221;][vc_column_text]<strong>Episode 05<\/strong> (Archaeological Mission in Moni, Pentakomo &amp; Monagrouli)[\/vc_column_text][\/vc_column][vc_column width=&#8221;1\/3&#8243;][vc_single_image image=&#8221;4060&#8243; img_size=&#8221;350&#215;197&#8243; alignment=&#8221;center&#8221; onclick=&#8221;link_image&#8221; title=&#8221;Elaboriamo&#8230; Maturit\u00e0 &#8217;20 &#8211; &#8217;21&#8221;][vc_column_text]Incontri di orientamento. Istruzioni per l&#8217;uso[\/vc_column_text][\/vc_column][\/vc_row][vc_row][vc_column width=&#8221;1\/3&#8243;][vc_video link=&#8221;https:\/\/www.youtube.com\/watch?v=-eJ6K1AMsrk&#8221; title=&#8221;Attori Dilass su Rai Storia&#8221;][vc_column_text]La messa in scena degli studenti \u00e8 visibile sul sito della Rai, dal minuto 31 al minuto 35, al seguente link: &gt;\u00a0<a href=\"https:\/\/www.raiplay.it\/video\/2020\/01\/italiani-roberto-bracco---emma-e-irma-gramatica-172ac6b3-be6d-4f81-b8cd-e8aa97617f0b.html\" target=\"_blank\" rel=\"noopener\"><strong>Vai al sito Rai<\/strong><\/a>[\/vc_column_text][\/vc_column][vc_column width=&#8221;1\/3&#8243;][vc_gallery interval=&#8221;3&#8243; images=&#8221;3830,3831&#8243; img_size=&#8221;350&#215;200&#8243; title=&#8221;Titoli di coda e didascalie Rai&#8221;][\/vc_column][vc_column width=&#8221;1\/3&#8243;][vc_video link=&#8221;https:\/\/www.youtube.com\/watch?v=HWUJqe7Q-dM&#8221; title=&#8221;Confessore in imbarazzo&#8221;][vc_column_text]Messa in scena di Roberto Bracco[\/vc_column_text][\/vc_column][\/vc_row][vc_row][vc_column width=&#8221;1\/3&#8243;][vc_video link=&#8221;https:\/\/www.youtube.com\/watch?v=AVqBww-dMKY&#8221; title=&#8221;Liliana Segre all&#8217;Uda&#8221;][\/vc_column][vc_column width=&#8221;1\/3&#8243;][vc_video link=&#8221;https:\/\/www.youtube.com\/watch?v=0OPi8oMpE0w&#8221; title=&#8221;La premiazione di Pupi Avati&#8221;][\/vc_column][vc_column width=&#8221;1\/3&#8243;][vc_video link=&#8221;https:\/\/www.youtube.com\/watch?v=8s7qlUT_al8&#8243; title=&#8221;Concerto Mark Kostabi&#8221;][\/vc_column][\/vc_row][vc_row][vc_column width=&#8221;1\/3&#8243;][vc_video link=&#8221;https:\/\/www.youtube.com\/watch?v=SuQuQj-WXVM&#8221; title=&#8221;Presentazione Riondino&#8221;][\/vc_column][vc_column width=&#8221;1\/3&#8243;][vc_video link=&#8221;https:\/\/www.youtube.com\/watch?v=HNAF8k7Sg0E&#8221; title=&#8221;Open day 2019&#8243;][\/vc_column][vc_column width=&#8221;1\/3&#8243;][vc_video link=&#8221;https:\/\/www.youtube.com\/watch?v=f47RepE7arE&#8221; title=&#8221;Le attivit\u00e0 del Dilass&#8221;][\/vc_column][\/vc_row][vc_row][vc_column width=&#8221;1\/3&#8243;][vc_video link=&#8221;https:\/\/www.youtube.com\/watch?v=fe7Jg3JKfvU&#8221; title=&#8221;X Convegno CUSVE (2019)&#8221;][\/vc_column][vc_column width=&#8221;1\/3&#8243;][vc_video link=&#8221;https:\/\/www.youtube.com\/watch?v=MFVXeEt0AKE&#8221; title=&#8221;&#8220;Victorian Shakespeare&#8220; (2019)&#8221;][\/vc_column][vc_column width=&#8221;1\/3&#8243;][vc_video link=&#8221;https:\/\/www.youtube.com\/watch?v=aLSWownSTNc&#8221; title=&#8221;Carlo Verdone (2016)&#8221;][\/vc_column][\/vc_row][vc_row][vc_column width=&#8221;1\/3&#8243;][vc_single_image image=&#8221;4316&#8243; img_size=&#8221;medium&#8221; title=&#8221;Le Professioni dei Beni Culturali&#8221;][vc_column_text]Nei mesi di marzo, aprile e maggio 2023, i docenti del Corso di studi in Beni culturali organizzano un ricco calendario di incontri e lezioni aperte.[\/vc_column_text][\/vc_column][vc_column width=&#8221;1\/3&#8243;][vc_single_image image=&#8221;4299&#8243; img_size=&#8221;350&#215;197&#8243; alignment=&#8221;center&#8221; onclick=&#8221;link_image&#8221; title=&#8221;#StudentForADay2022&#8243;][vc_column_text]Webinar di Orientamento interdisciplinari. Iniziativa a cura di <em>Marco Canani<\/em> e <em>Marialuigia Di Marzio.<\/em><br \/>\n[\/vc_column_text][\/vc_column][vc_column width=&#8221;1\/3&#8243;][\/vc_column][\/vc_row]<\/p>\n<\/div>","protected":false},"excerpt":{"rendered":"<p>[vc_row][vc_column][vc_separator][\/vc_column][\/vc_row][vc_row][vc_column width=&#8221;1\/3&#8243;][vc_column_text css=&#8221;&#8221; css_params=&#8221;&#8221;]Il Cenacolo michettiano di Francavilla e il connubio delle arti &#8211; 8 maggio 2026\u00a0 &#8211; MuMi, Francavilla al Mare[\/vc_column_text][vc_single_image image=&#8221;4469&#8243; onclick=&#8221;img_link_large&#8221; css=&#8221;&#8221; label=&#8221;&#8221; css_params=&#8221;&#8221;][\/vc_column][vc_column width=&#8221;1\/3&#8243;][vc_column_text css=&#8221;&#8221; css_params=&#8221;&#8221;]OPEN DAY 2026[\/vc_column_text][vc_single_image image=&#8221;4465&#8243; onclick=&#8221;img_link_large&#8221; css=&#8221;&#8221; css_params=&#8221;&#8221;][\/vc_column][vc_column width=&#8221;1\/3&#8243;][\/vc_column][\/vc_row][vc_row][vc_column width=&#8221;1\/3&#8243;][vc_column_text css=&#8221;&#8221; css_params=&#8221;&#8221;]CONOSCITORI AL SERVIZIO DELLA TUTELA I CATALOGHI DI GIOVANNI MORELL IE GUSTAVO FRIZZONI PER IL PATRIMONIO [&hellip;]<\/p>\n","protected":false},"author":5,"featured_media":0,"parent":0,"menu_order":0,"comment_status":"closed","ping_status":"closed","template":"","meta":{"inline_featured_image":false,"footnotes":""},"class_list":["post-3816","page","type-page","status-publish","hentry"],"_links":{"self":[{"href":"https:\/\/www.dilass.it\/studentforaday\/wp-json\/wp\/v2\/pages\/3816","targetHints":{"allow":["GET"]}}],"collection":[{"href":"https:\/\/www.dilass.it\/studentforaday\/wp-json\/wp\/v2\/pages"}],"about":[{"href":"https:\/\/www.dilass.it\/studentforaday\/wp-json\/wp\/v2\/types\/page"}],"author":[{"embeddable":true,"href":"https:\/\/www.dilass.it\/studentforaday\/wp-json\/wp\/v2\/users\/5"}],"replies":[{"embeddable":true,"href":"https:\/\/www.dilass.it\/studentforaday\/wp-json\/wp\/v2\/comments?post=3816"}],"version-history":[{"count":25,"href":"https:\/\/www.dilass.it\/studentforaday\/wp-json\/wp\/v2\/pages\/3816\/revisions"}],"predecessor-version":[{"id":4470,"href":"https:\/\/www.dilass.it\/studentforaday\/wp-json\/wp\/v2\/pages\/3816\/revisions\/4470"}],"wp:attachment":[{"href":"https:\/\/www.dilass.it\/studentforaday\/wp-json\/wp\/v2\/media?parent=3816"}],"curies":[{"name":"wp","href":"https:\/\/api.w.org\/{rel}","templated":true}]}}