{"id":3503,"date":"2020-07-31T14:57:56","date_gmt":"2020-07-31T12:57:56","guid":{"rendered":"https:\/\/www.dilass.it\/studentforaday\/?page_id=3503"},"modified":"2022-01-19T10:06:25","modified_gmt":"2022-01-19T09:06:25","slug":"lezioni-tipo-lettere","status":"publish","type":"page","link":"https:\/\/www.dilass.it\/studentforaday\/corso-di-studio-in-lettere\/lezioni-tipo-lettere\/","title":{"rendered":"Lezioni tipo lettere"},"content":{"rendered":"<div class=\"wpb-content-wrapper\"><p>[vc_row full_width=&#8221;stretch_row_content_no_spaces&#8221; content_placement=&#8221;top&#8221; css=&#8221;.vc_custom_1594824915161{background-color: #ffffff !important;}&#8221;][vc_column css=&#8221;.vc_custom_1596535912723{background-color: #f39200 !important;}&#8221;][vc_row_inner content_placement=&#8221;middle&#8221; css=&#8221;.vc_custom_1594825652727{padding-right: 5% !important;padding-left: 5% !important;}&#8221;][vc_column_inner][vc_empty_space height=&#8221;100px&#8221;][vc_custom_heading text=&#8221;Lezioni tipo&#8221; font_container=&#8221;tag:h1|text_align:left|color:%23ffffff&#8221; google_fonts=&#8221;font_family:Playfair%20Display%3Aregular%2Citalic%2C700%2C700italic%2C900%2C900italic|font_style:400%20regular%3A400%3Anormal&#8221;][vc_empty_space height=&#8221;80px&#8221;][\/vc_column_inner][\/vc_row_inner][\/vc_column][\/vc_row][vc_row][vc_column][vc_column_text]<\/p>\n<p>[\/vc_column_text][\/vc_column][\/vc_row][vc_row][vc_column][vc_empty_space height=&#8221;50px&#8221;][vc_column_text]In questa sezione troverai alcune &#8216;taster lessons&#8217; (lezioni brevi, presentazione delle attivit\u00e0 sul campo, approfondimenti e seminari su specifici temi) per introdurti alla variet\u00e0 e alla qualit\u00e0 della nostra offerta formativa. Ti aspettiamo presto nel campus di Chieti per conoscere di persona l&#8217;ampiezza di interessi dei nostri corsi di studio e scegliere il percorso che pi\u00f9 si addice alla tua personalit\u00e0.[\/vc_column_text][vc_empty_space height=&#8221;50px&#8221;][\/vc_column][\/vc_row][vc_row full_width=&#8221;stretch_row_content_no_spaces&#8221;][vc_column width=&#8221;1\/3&#8243;]<div class=\"porto-image-frame \"><div class=\"thumb-info align-left thumb-info-lighten thumb-info-centered-icons thumb-info-no-borders\"><span class=\"thumb-info-wrapper\"><img loading=\"lazy\" decoding=\"async\" alt=\"\" src=\"\/\/www.dilass.it\/studentforaday\/wp-content\/uploads\/2020\/08\/lesson-berardi.jpg\" class=\"img-responsive\" width=\"768\" height=\"768\"><span class=\"thumb-info-title\"><span class=\"thumb-info-inner\">Amore e odio: esempi di latino volgare dai graffiti di Pompei<em><\/em><\/span><span class=\"thumb-info-type\">Prof. Francesco Berardi \u2013 Storia della lingua latina<\/span><\/span><span class=\"thumb-info-action\"><a class=\"thumb-info-action-icon thumb-info-action-icon-primary porto-popup-iframe\" href=\"https:\/\/www.youtube.com\/watch?v=PKVSVej9EiI\"><i class=\"fab fa-youtube-square\"><\/i><\/a><\/span><\/span><\/div><\/div>[\/vc_column][vc_column width=&#8221;1\/3&#8243;]<div class=\"porto-image-frame \"><div class=\"thumb-info align-left thumb-info-lighten thumb-info-centered-icons thumb-info-no-borders\"><span class=\"thumb-info-wrapper\"><img loading=\"lazy\" decoding=\"async\" alt=\"\" src=\"\/\/www.dilass.it\/studentforaday\/wp-content\/uploads\/2020\/08\/lesson-bravi.jpg\" class=\"img-responsive\" width=\"960\" height=\"960\"><span class=\"thumb-info-title\"><span class=\"thumb-info-inner\">Leggere Alcesti<em><\/em><\/span><span class=\"thumb-info-type\">Prof. Luigi Bravi \u2013 Filologia classica<\/span><\/span><span class=\"thumb-info-action\"><a class=\"thumb-info-action-icon thumb-info-action-icon-primary porto-popup-iframe\" href=\"https:\/\/www.youtube.com\/watch?v=luIUXJYNgtw\"><i class=\"fab fa-youtube-square\"><\/i><\/a><\/span><\/span><\/div><\/div>[\/vc_column][vc_column width=&#8221;1\/3&#8243;]<div class=\"porto-image-frame \"><div class=\"thumb-info align-left thumb-info-lighten thumb-info-centered-icons thumb-info-no-borders\"><span class=\"thumb-info-wrapper\"><img loading=\"lazy\" decoding=\"async\" alt=\"\" src=\"\/\/www.dilass.it\/studentforaday\/wp-content\/uploads\/2020\/08\/lesson-cimini-dannunzio.jpg\" class=\"img-responsive\" width=\"611\" height=\"611\"><span class=\"thumb-info-title\"><span class=\"thumb-info-inner\">\u201cLa figlia di Iorio\u201d di Gabriele D\u2019Annunzio: fonti e contesti<em><\/em><\/span><span class=\"thumb-info-type\">Mario Cimini \u2013 Letteratura italiana<\/span><\/span><span class=\"thumb-info-action\"><a class=\"thumb-info-action-icon thumb-info-action-icon-primary porto-popup-iframe\" href=\"https:\/\/www.youtube.com\/watch?v=MUCtfWq6ZBs\"><i class=\"fab fa-youtube-square\"><\/i><\/a><\/span><\/span><\/div><\/div>[\/vc_column][\/vc_row][vc_row full_width=&#8221;stretch_row_content_no_spaces&#8221;][vc_column width=&#8221;1\/3&#8243;]<div class=\"porto-image-frame \"><div class=\"thumb-info align-left thumb-info-lighten thumb-info-centered-icons thumb-info-no-borders\"><span class=\"thumb-info-wrapper\"><img loading=\"lazy\" decoding=\"async\" alt=\"\" src=\"\/\/www.dilass.it\/studentforaday\/wp-content\/uploads\/2020\/08\/lesson-ortolano.jpg\" class=\"img-responsive\" width=\"900\" height=\"900\"><span class=\"thumb-info-title\"><span class=\"thumb-info-inner\">Chi pensa bene parla bene. Le parole sono importanti<em><\/em><\/span><span class=\"thumb-info-type\">Prof. Pierluigi Ortolano \u2013 Storia della lingua italiana<\/span><\/span><span class=\"thumb-info-action\"><a class=\"thumb-info-action-icon thumb-info-action-icon-primary porto-popup-iframe\" href=\"https:\/\/www.youtube.com\/watch?v=jqJtC36pU34\"><i class=\"fab fa-youtube-square\"><\/i><\/a><\/span><\/span><\/div><\/div>[\/vc_column][vc_column width=&#8221;1\/3&#8243;]<div class=\"porto-image-frame \"><div class=\"thumb-info align-left thumb-info-lighten thumb-info-centered-icons thumb-info-no-borders\"><span class=\"thumb-info-wrapper\"><img loading=\"lazy\" decoding=\"async\" alt=\"\" src=\"\/\/www.dilass.it\/studentforaday\/wp-content\/uploads\/2020\/08\/video-kilimandjaro.jpg\" class=\"img-responsive\" width=\"677\" height=\"677\"><span class=\"thumb-info-title\"><span class=\"thumb-info-inner\">Il Kilimandjaro da Hemingway a Pascal Danel passando per Aristotele e Hollywood<em><\/em><\/span><span class=\"thumb-info-type\">Prof. Umberto Bultrighini \u2013 Etnomusicologia e linguaggi musicali contemporanei<\/span><\/span><span class=\"thumb-info-action\"><a class=\"thumb-info-action-icon thumb-info-action-icon-primary porto-popup-iframe\" href=\"https:\/\/www.youtube.com\/watch?v=CpCMEAlkQ74\"><i class=\"fab fa-youtube-square\"><\/i><\/a><\/span><\/span><\/div><\/div>[\/vc_column][vc_column width=&#8221;1\/3&#8243;]<div class=\"porto-image-frame \"><div class=\"thumb-info align-left thumb-info-lighten thumb-info-centered-icons thumb-info-no-borders\"><span class=\"thumb-info-wrapper\"><img loading=\"lazy\" decoding=\"async\" alt=\"\" src=\"\/\/www.dilass.it\/studentforaday\/wp-content\/uploads\/2020\/08\/lesson-pagello.jpg\" class=\"img-responsive\" width=\"605\" height=\"605\"><span class=\"thumb-info-title\"><span class=\"thumb-info-inner\">Le serie crime contemporanee e la \u2018Post-Network Television\u2019<em><\/em><\/span><span class=\"thumb-info-type\">Prof. Federico Pagello \u2013 Televisione e nuovi media<\/span><\/span><span class=\"thumb-info-action\"><a class=\"thumb-info-action-icon thumb-info-action-icon-primary porto-popup-iframe\" href=\"https:\/\/www.youtube.com\/watch?v=U_7AtUYxFjM\"><i class=\"fab fa-youtube-square\"><\/i><\/a><\/span><\/span><\/div><\/div>[\/vc_column][\/vc_row][vc_row full_width=&#8221;stretch_row_content_no_spaces&#8221;][vc_column width=&#8221;1\/3&#8243;]<div class=\"porto-image-frame \"><div class=\"thumb-info align-left thumb-info-lighten thumb-info-centered-icons thumb-info-no-borders\"><span class=\"thumb-info-wrapper\"><img loading=\"lazy\" decoding=\"async\" alt=\"\" src=\"\/\/www.dilass.it\/studentforaday\/wp-content\/uploads\/2020\/08\/lesson-pancheri.jpg\" class=\"img-responsive\" width=\"1014\" height=\"1024\"><span class=\"thumb-info-title\"><span class=\"thumb-info-inner\">Introduzione al Danted\u00ec<em><\/em><\/span><span class=\"thumb-info-type\">Prof.ssa Monica Bert\u00e9 \u2013 Latino medievale<\/span><\/span><span class=\"thumb-info-action\"><a class=\"thumb-info-action-icon thumb-info-action-icon-primary porto-popup-iframe\" href=\"https:\/\/www.youtube.com\/watch?v=eDxkZMeivYk\"><i class=\"fab fa-youtube-square\"><\/i><\/a><\/span><\/span><\/div><\/div>[\/vc_column][vc_column width=&#8221;1\/3&#8243;]<div class=\"porto-image-frame \"><div class=\"thumb-info align-left thumb-info-lighten thumb-info-centered-icons thumb-info-no-borders\"><span class=\"thumb-info-wrapper\"><img loading=\"lazy\" decoding=\"async\" alt=\"\" src=\"\/\/www.dilass.it\/studentforaday\/wp-content\/uploads\/2020\/08\/lesson-pancheri.jpg\" class=\"img-responsive\" width=\"1014\" height=\"1024\"><span class=\"thumb-info-title\"><span class=\"thumb-info-inner\">Dante e i trovatori provenzali<em><\/em><\/span><span class=\"thumb-info-type\">Prof.ssa Maria Careri \u2013 Filologia romanza<\/span><\/span><span class=\"thumb-info-action\"><a class=\"thumb-info-action-icon thumb-info-action-icon-primary porto-popup-iframe\" href=\"https:\/\/www.youtube.com\/watch?v=mrDgOhfC0ZA\"><i class=\"fab fa-youtube-square\"><\/i><\/a><\/span><\/span><\/div><\/div>[\/vc_column][vc_column width=&#8221;1\/3&#8243;]<div class=\"porto-image-frame \"><div class=\"thumb-info align-left thumb-info-lighten thumb-info-centered-icons thumb-info-no-borders\"><span class=\"thumb-info-wrapper\"><img loading=\"lazy\" decoding=\"async\" alt=\"\" src=\"\/\/www.dilass.it\/studentforaday\/wp-content\/uploads\/2020\/08\/lesson-pancheri.jpg\" class=\"img-responsive\" width=\"1014\" height=\"1024\"><span class=\"thumb-info-title\"><span class=\"thumb-info-inner\">Petrarca lettore di Dante<em><\/em><\/span><span class=\"thumb-info-type\">Prof.ssa Monica Bert\u00e9 \u2013 Latino medievale<\/span><\/span><span class=\"thumb-info-action\"><a class=\"thumb-info-action-icon thumb-info-action-icon-primary porto-popup-iframe\" href=\"https:\/\/www.youtube.com\/watch?v=8RZfAvPKg7s\"><i class=\"fab fa-youtube-square\"><\/i><\/a><\/span><\/span><\/div><\/div>[\/vc_column][\/vc_row][vc_row full_width=&#8221;stretch_row_content_no_spaces&#8221;][vc_column width=&#8221;1\/3&#8243;]<div class=\"porto-image-frame \"><div class=\"thumb-info align-left thumb-info-lighten thumb-info-centered-icons thumb-info-no-borders\"><span class=\"thumb-info-wrapper\"><img loading=\"lazy\" decoding=\"async\" alt=\"\" src=\"\/\/www.dilass.it\/studentforaday\/wp-content\/uploads\/2020\/08\/lesson-pancheri.jpg\" class=\"img-responsive\" width=\"1014\" height=\"1024\"><span class=\"thumb-info-title\"><span class=\"thumb-info-inner\">Leggere Dante attraverso Petrarca (e gli altri)<em><\/em><\/span><span class=\"thumb-info-type\">Prof. Alessandro Pancheri \u2013 Filologia italiana<\/span><\/span><span class=\"thumb-info-action\"><a class=\"thumb-info-action-icon thumb-info-action-icon-primary porto-popup-iframe\" href=\"https:\/\/www.youtube.com\/watch?v=IocbqogBrms\"><i class=\"fab fa-youtube-square\"><\/i><\/a><\/span><\/span><\/div><\/div>[\/vc_column][\/vc_row]<\/p>\n<\/div>","protected":false},"excerpt":{"rendered":"<p>[vc_row full_width=&#8221;stretch_row_content_no_spaces&#8221; content_placement=&#8221;top&#8221; css=&#8221;.vc_custom_1594824915161{background-color: #ffffff !important;}&#8221;][vc_column css=&#8221;.vc_custom_1596535912723{background-color: #f39200 !important;}&#8221;][vc_row_inner content_placement=&#8221;middle&#8221; css=&#8221;.vc_custom_1594825652727{padding-right: 5% !important;padding-left: 5% !important;}&#8221;][vc_column_inner][vc_empty_space height=&#8221;100px&#8221;][vc_custom_heading text=&#8221;Lezioni tipo&#8221; font_container=&#8221;tag:h1|text_align:left|color:%23ffffff&#8221; google_fonts=&#8221;font_family:Playfair%20Display%3Aregular%2Citalic%2C700%2C700italic%2C900%2C900italic|font_style:400%20regular%3A400%3Anormal&#8221;][vc_empty_space height=&#8221;80px&#8221;][\/vc_column_inner][\/vc_row_inner][\/vc_column][\/vc_row][vc_row][vc_column][vc_column_text] [\/vc_column_text][\/vc_column][\/vc_row][vc_row][vc_column][vc_empty_space height=&#8221;50px&#8221;][vc_column_text]In questa sezione troverai alcune &#8216;taster lessons&#8217; (lezioni brevi, presentazione delle attivit\u00e0 sul campo, approfondimenti e seminari su specifici temi) per introdurti alla variet\u00e0 e alla qualit\u00e0 della nostra offerta formativa. Ti aspettiamo [&hellip;]<\/p>\n","protected":false},"author":3,"featured_media":0,"parent":3348,"menu_order":0,"comment_status":"closed","ping_status":"closed","template":"","meta":{"inline_featured_image":false,"footnotes":""},"class_list":["post-3503","page","type-page","status-publish","hentry"],"_links":{"self":[{"href":"https:\/\/www.dilass.it\/studentforaday\/wp-json\/wp\/v2\/pages\/3503","targetHints":{"allow":["GET"]}}],"collection":[{"href":"https:\/\/www.dilass.it\/studentforaday\/wp-json\/wp\/v2\/pages"}],"about":[{"href":"https:\/\/www.dilass.it\/studentforaday\/wp-json\/wp\/v2\/types\/page"}],"author":[{"embeddable":true,"href":"https:\/\/www.dilass.it\/studentforaday\/wp-json\/wp\/v2\/users\/3"}],"replies":[{"embeddable":true,"href":"https:\/\/www.dilass.it\/studentforaday\/wp-json\/wp\/v2\/comments?post=3503"}],"version-history":[{"count":0,"href":"https:\/\/www.dilass.it\/studentforaday\/wp-json\/wp\/v2\/pages\/3503\/revisions"}],"up":[{"embeddable":true,"href":"https:\/\/www.dilass.it\/studentforaday\/wp-json\/wp\/v2\/pages\/3348"}],"wp:attachment":[{"href":"https:\/\/www.dilass.it\/studentforaday\/wp-json\/wp\/v2\/media?parent=3503"}],"curies":[{"name":"wp","href":"https:\/\/api.w.org\/{rel}","templated":true}]}}