{"id":3249,"date":"2020-07-20T16:38:10","date_gmt":"2020-07-20T14:38:10","guid":{"rendered":"https:\/\/www.dilass.it\/studentforaday\/?page_id=3249"},"modified":"2022-01-19T10:06:47","modified_gmt":"2022-01-19T09:06:47","slug":"lezioni-tipo","status":"publish","type":"page","link":"https:\/\/www.dilass.it\/studentforaday\/corso-di-studio-in-beni-culturali\/lezioni-tipo\/","title":{"rendered":"Lezioni tipo basa"},"content":{"rendered":"<div class=\"wpb-content-wrapper\"><p>[vc_row full_width=&#8221;stretch_row_content_no_spaces&#8221; content_placement=&#8221;top&#8221; css=&#8221;.vc_custom_1594824915161{background-color: #ffffff !important;}&#8221;][vc_column css=&#8221;.vc_custom_1596535038613{background-color: #009245 !important;}&#8221;][vc_row_inner content_placement=&#8221;middle&#8221; css=&#8221;.vc_custom_1594825652727{padding-right: 5% !important;padding-left: 5% !important;}&#8221;][vc_column_inner][vc_empty_space height=&#8221;100px&#8221;][vc_custom_heading text=&#8221;Lezioni tipo&#8221; font_container=&#8221;tag:h1|text_align:left|color:%23ffffff&#8221; google_fonts=&#8221;font_family:Playfair%20Display%3Aregular%2Citalic%2C700%2C700italic%2C900%2C900italic|font_style:400%20regular%3A400%3Anormal&#8221;][vc_empty_space height=&#8221;80px&#8221;][\/vc_column_inner][\/vc_row_inner][\/vc_column][\/vc_row][vc_row][vc_column][vc_empty_space height=&#8221;50px&#8221;][vc_column_text]In questa sezione troverai alcune &#8216;taster lessons&#8217; (lezioni brevi, presentazione delle attivit\u00e0 sul campo, approfondimenti e seminari su specifici temi) per introdurti alla variet\u00e0 e alla qualit\u00e0 della nostra offerta formativa. Ti aspettiamo presto nel campus di Chieti per conoscere di persona l&#8217;ampiezza di interessi dei nostri corsi di studio e scegliere il percorso che pi\u00f9 si addice alla tua personalit\u00e0.[\/vc_column_text][vc_empty_space height=&#8221;50px&#8221;][\/vc_column][\/vc_row][vc_row full_width=&#8221;stretch_row_content_no_spaces&#8221;][vc_column width=&#8221;1\/3&#8243;]<div class=\"porto-image-frame \"><div class=\"thumb-info align-left thumb-info-lighten thumb-info-centered-icons thumb-info-no-borders\"><span class=\"thumb-info-wrapper\"><img loading=\"lazy\" decoding=\"async\" alt=\"\" src=\"\/\/www.dilass.it\/studentforaday\/wp-content\/uploads\/2020\/08\/lesson-menozzi.jpg\" class=\"img-responsive\" width=\"1108\" height=\"1108\"><span class=\"thumb-info-title\"><span class=\"thumb-info-inner\">Archeologia sul campo: le missioni in Egitto e a Cipro<em><\/em><\/span><span class=\"thumb-info-type\">Prof.ssa Oliva Menozzi \u2013 Archeologia e storia dell'arte greca e romana<\/span><\/span><span class=\"thumb-info-action\"><a class=\"thumb-info-action-icon thumb-info-action-icon-primary porto-popup-iframe\" href=\"https:\/\/www.youtube.com\/watch?v=9Y-nyNMK-dQ\"><i class=\"fab fa-youtube-square\"><\/i><\/a><\/span><\/span><\/div><\/div>[\/vc_column][vc_column width=&#8221;1\/3&#8243;]<div class=\"porto-image-frame \"><div class=\"thumb-info align-left thumb-info-lighten thumb-info-centered-icons thumb-info-no-borders\"><span class=\"thumb-info-wrapper\"><img loading=\"lazy\" decoding=\"async\" alt=\"\" src=\"\/\/www.dilass.it\/studentforaday\/wp-content\/uploads\/2020\/07\/lesson-lasalvia-scaled.jpg\" class=\"img-responsive\" width=\"2560\" height=\"2560\"><span class=\"thumb-info-title\"><span class=\"thumb-info-inner\">Archeologia sul campo: i lavori a Corfinio e in India<em><\/em><\/span><span class=\"thumb-info-type\">Prof. Vasco La Salvia \u2013 Metodologia della ricerca archeologica<\/span><\/span><span class=\"thumb-info-action\"><a class=\"thumb-info-action-icon thumb-info-action-icon-primary porto-popup-iframe\" href=\"https:\/\/www.youtube.com\/watch?v=NV3-XytdLbs\"><i class=\"fab fa-youtube-square\"><\/i><\/a><\/span><\/span><\/div><\/div>[\/vc_column][vc_column width=&#8221;1\/3&#8243;]<div class=\"porto-image-frame \"><div class=\"thumb-info align-left thumb-info-lighten thumb-info-centered-icons thumb-info-no-borders\"><span class=\"thumb-info-wrapper\"><img loading=\"lazy\" decoding=\"async\" alt=\"\" src=\"\/\/www.dilass.it\/studentforaday\/wp-content\/uploads\/2020\/07\/lesson-leone.jpg\" class=\"img-responsive\" width=\"736\" height=\"736\"><span class=\"thumb-info-title\"><span class=\"thumb-info-inner\">Il sogno dell\u2019antichit\u00e0: pittura neopompeiana tra G\u00e9r\u00f4me, Alma Tadema e Maccari<em><\/em><\/span><span class=\"thumb-info-type\">Prof. Francesco Leone \u2013 Storia dell'arte contemporanea<\/span><\/span><span class=\"thumb-info-action\"><a class=\"thumb-info-action-icon thumb-info-action-icon-primary porto-popup-iframe\" href=\"https:\/\/www.youtube.com\/watch?v=hyJuaQtoeL4\"><i class=\"fab fa-youtube-square\"><\/i><\/a><\/span><\/span><\/div><\/div>[\/vc_column][\/vc_row]<\/p>\n<\/div>","protected":false},"excerpt":{"rendered":"<p>[vc_row full_width=&#8221;stretch_row_content_no_spaces&#8221; content_placement=&#8221;top&#8221; css=&#8221;.vc_custom_1594824915161{background-color: #ffffff !important;}&#8221;][vc_column css=&#8221;.vc_custom_1596535038613{background-color: #009245 !important;}&#8221;][vc_row_inner content_placement=&#8221;middle&#8221; css=&#8221;.vc_custom_1594825652727{padding-right: 5% !important;padding-left: 5% !important;}&#8221;][vc_column_inner][vc_empty_space height=&#8221;100px&#8221;][vc_custom_heading text=&#8221;Lezioni tipo&#8221; font_container=&#8221;tag:h1|text_align:left|color:%23ffffff&#8221; google_fonts=&#8221;font_family:Playfair%20Display%3Aregular%2Citalic%2C700%2C700italic%2C900%2C900italic|font_style:400%20regular%3A400%3Anormal&#8221;][vc_empty_space height=&#8221;80px&#8221;][\/vc_column_inner][\/vc_row_inner][\/vc_column][\/vc_row][vc_row][vc_column][vc_empty_space height=&#8221;50px&#8221;][vc_column_text]In questa sezione troverai alcune &#8216;taster lessons&#8217; (lezioni brevi, presentazione delle attivit\u00e0 sul campo, approfondimenti e seminari su specifici temi) per introdurti alla variet\u00e0 e alla qualit\u00e0 della nostra offerta formativa. Ti aspettiamo presto [&hellip;]<\/p>\n","protected":false},"author":3,"featured_media":0,"parent":2910,"menu_order":0,"comment_status":"closed","ping_status":"closed","template":"","meta":{"inline_featured_image":false,"footnotes":""},"class_list":["post-3249","page","type-page","status-publish","hentry"],"_links":{"self":[{"href":"https:\/\/www.dilass.it\/studentforaday\/wp-json\/wp\/v2\/pages\/3249","targetHints":{"allow":["GET"]}}],"collection":[{"href":"https:\/\/www.dilass.it\/studentforaday\/wp-json\/wp\/v2\/pages"}],"about":[{"href":"https:\/\/www.dilass.it\/studentforaday\/wp-json\/wp\/v2\/types\/page"}],"author":[{"embeddable":true,"href":"https:\/\/www.dilass.it\/studentforaday\/wp-json\/wp\/v2\/users\/3"}],"replies":[{"embeddable":true,"href":"https:\/\/www.dilass.it\/studentforaday\/wp-json\/wp\/v2\/comments?post=3249"}],"version-history":[{"count":0,"href":"https:\/\/www.dilass.it\/studentforaday\/wp-json\/wp\/v2\/pages\/3249\/revisions"}],"up":[{"embeddable":true,"href":"https:\/\/www.dilass.it\/studentforaday\/wp-json\/wp\/v2\/pages\/2910"}],"wp:attachment":[{"href":"https:\/\/www.dilass.it\/studentforaday\/wp-json\/wp\/v2\/media?parent=3249"}],"curies":[{"name":"wp","href":"https:\/\/api.w.org\/{rel}","templated":true}]}}